prime factors of n(-5)?
2, 997
Let z(h) be the second derivative of 4*h**3 + h**2/2 - 16*h. Let x be z(4). Let t = -67 + x. List the prime factors of t.
2, 3, 5
Suppose -2*k - 12*t + 9598 = -10*t, -14401 = -3*k + t. Suppose -16*f + 11*f = -k. List the prime factors of f.
2, 3, 5
What are the prime factors of ((21/(-2))/3)/((-169323)/10582 + 16)?
7, 13, 37
Suppose 97*h = -26*h + 103689. What are the prime factors of h?
3, 281
Let r be 2/((-12)/(-4158)) - 2. Let c = 1168 - r. List the prime factors of c.
3, 53
Suppose 3*t = -113 - 118. Let k be 4972/t - (-8)/14. Let v = 89 - k. What are the prime factors of v?
3, 17
Suppose 5*h - 110*w + 106*w = 79106, h + 4*w - 15826 = 0. List the prime factors of h.
2, 3, 293
Let a be 162*((-1)/3 + 55/30). Let j(l) = -l**3 + 3*l**2 + 4*l + 2. Let v be j(4). Suppose -v = -t, 2*n + 2*t - a = -19. List the prime factors of n.
2, 5, 11
Suppose 91*g + 371184 = 223*g. What are the prime factors of g?
2, 19, 37
Let i(c) = -2*c**2 - 16*c - 26. Let t be i(-2). List the prime factors of 208/(-3)*(5 - (-31)/t).
2, 7, 13
Let q = -2786 - -11592. List the prime factors of 6/(-7)*q/(-51).
2, 37
Suppose 15*g = 39*g + 1680. Suppose 2*n - 316 = -4*u, -3*n + 0*n + 3*u + 438 = 0. Let m = n + g. What are the prime factors of m?
2, 5
Suppose -22526 = 60*w - 411692 + 28926. What are the prime factors of w?
2, 19, 79
Let j = -17 + 16. Let i be (-909)/18 - j/2. Let u = i - -71. What are the prime factors of u?
3, 7
Let k = -8697 - -18514. What are the prime factors of k?
9817
Let x = 390 + -353. Suppose 5*u + 280 - 2725 = 0. Suppose -34*q - u = -x*q. What are the prime factors of q?
163
Suppose 5*f + 26609 = 4*j, -4*j - f + 37094 = 10467. What are the prime factors of j?
2, 13
Let r = 325 - 321. Suppose r*g - 2237 = 5*n + 358, 4*n + 1946 = 3*g. What are the prime factors of g?
2, 5, 13
Let b = -8297 + 36100. What are the prime factors of b?
27803
Let k(q) = 10 + 9 + 3 + q - 6. Let t be k(-14). Let w = 13 + t. List the prime factors of w.
3, 5
Let y be 8 + 261*(-4)/4. Let n = 129 + -209. Let i = n - y. List the prime factors of i.
173
Let a = 72 - 70. Suppose 4*c + 5*y = 18, a*y = 3*y - 2. Suppose c*q + 3*p = -0*q + 280, 675 = 5*q - 5*p. List the prime factors of q.
137
What are the prime factors of 5098/6 - (-30)/(-45)?
3, 283
Suppose 25831 = 1216*t - 1203*t. What are the prime factors of t?
1987
List the prime factors of (-360315)/(-12) - (-3)/(-11 + -1).
2, 15013
Let u be (-262)/(-13) - (-8)/(-52). What are the prime factors of ((-16)/u)/((-12)/9570)?
2, 11, 29
Let k be 3/(4/(-34)*10/20). What are the prime factors of (-1360)/k*(-414)/(-15)?
2, 23
Suppose -4*k + 117 = -5*n - 24948, -3*k + 4*n + 18800 = 0. What are the prime factors of k?
2, 5, 313
Let r(i) = 5*i**2 - 50*i + 89. List the prime factors of r(62).
3, 1801
Let y(d) = 3*d**3 - 62*d**2 - 69*d - 23. List the prime factors of y(35).
11, 4567
Let r(t) = 5*t**3 - 66*t**2 + 6*t - 11. What are the prime factors of r(16)?
3, 1223
Suppose 0 = f + h - 56, -2*f + 2*h + 2*h = -112. Suppose 2*i + 64 = -2*i - 4*j, -3*i - 60 = -j. Let b = f - i. What are the prime factors of b?
3, 5
Let c = 24704 - -14780. What are the prime factors of c?
2, 9871
Let o(a) = a**3 - 17*a**2 + 5*a - 55. Let l(j) = -j**3 + 7*j**2 + 20*j. Let m be l(9). What are the prime factors of o(m)?
359
Suppose 1337*m - 1328*m = 4437. Let t(x) = 31*x**2 + 5*x - 3. Let h be t(3). Let u = m - h. What are the prime factors of u?
2, 101
Suppose -3*w - 4612 = -4*d, -2*w - 3*d - 2*d = 3044. Let x = -764 - w. What are the prime factors of x?
2, 3
Suppose 4*p + 12 = 0, -5*p - 1 - 2 = -3*j. Let k be (104/(-20))/((-1)/10). Let r = j + k. What are the prime factors of r?
2, 3
Let q = 53 - 62. Let u be 6*q/(-12)*74. Suppose 4*o - u = -5*b, o + o = 3*b - 213. What are the prime factors of b?
3, 23
Let u(m) = -m**2 + 68*m - 40. What are the prime factors of u(28)?
2, 3, 5
Suppose -2*d = 0, -2*y - 2*d + 10422 = -4*d. What are the prime factors of y?
3, 193
Let j(r) = 18*r**3 + 2*r**2 - 3*r - 3. Let h be j(-2). Let u = 135 + h. Suppose 3*b = b + a + 259, 2*b - u*a = 256. List the prime factors of b.
131
Let p(g) = -g**3 + g**2 - 3*g + 7. Let h be p(0). Suppose 3 - 3 = h*v. Suppose 2*x - 387 + 41 = v. List the prime factors of x.
173
Let f = -15 + 68. Let k = f + -33. Let y = k - 2. What are the prime factors of y?
2, 3
Let a(g) = -5*g + 4*g + g**2 + 7*g + 11. Let c be a(-4). Suppose c*o = 13*o - 390. List the prime factors of o.
3, 13
Let x(k) = -3*k**3 + 109*k**2 - 86*k + 465. List the prime factors of x(32).
3, 5, 7
Let y be (-1)/(-35)*5*133. Suppose y*o - 10357 - 8491 = 0. List the prime factors of o.
2, 31
Suppose 4358178 = 328*d - 5110854. What are the prime factors of d?
3, 9623
Let f(m) = -m**3 - 27*m**2 + 32*m + 121. Let l be f(-28). Suppose u = -1, -10*t + 1946 = -l*t + 5*u. List the prime factors of t.
1951
Suppose 0 = 4*f + m + 34020 - 104782, 0 = -3*f + 5*m + 53037. List the prime factors of f.
7, 19
Let h(r) = 5979*r - 13846. What are the prime factors of h(13)?
127, 503
Let t be 1*(19/114 - (-298)/12). Suppose 0 = -t*f + 31*f - 714. List the prime factors of f.
7, 17
Suppose 7*n - 32732 = 686. List the prime factors of n.
2, 7, 11, 31
Suppose -6*j + 26572 = -3956. List the prime factors of j/32 - (1 + -3 + 1).
2, 5
Suppose -g + 17 = 5. Suppose -g*d + 10*d = -4. Suppose -d*t - 36 = -8*t. List the prime factors of t.
2, 3
Suppose -5*h + 4*b = -4084, -7*h + 3*h = -5*b - 3260. Let y = h - 124. Suppose n + n = -2*t + 264, 5*n = 4*t + y. List the prime factors of n.
2, 17
Let k = 10342 - 9320. List the prime factors of k.
2, 7, 73
Let n(z) = -z**3 + 2*z**2 + 19*z + 63. What are the prime factors of n(-17)?
5231
Let w = -389 - -389. Suppose -11*k + 7*k - 3*v + 1565 = w, 3*k - v - 1177 = 0. What are the prime factors of k?
2, 7
Let u(m) = -27*m**2 + 2. Let y(x) = 28*x**2 + x - 1. Let w(o) = 2*u(o) + 3*y(o). List the prime factors of w(-2).
5, 23
Suppose 5*j - 874 = d, 86 + 94 = j + 5*d. Let c be (1468/(-5))/(((-49)/j)/7). List the prime factors of c/34 - (-22)/187.
2, 3
Suppose j - 685 = 3*x - 213, 8 = 2*x. Suppose 3*h = 5*b + 452, -4*b - j + 36 = -3*h. Suppose 7*a - h = 332. List the prime factors of a.
2, 17
Let v = -40 - -41. List the prime factors of (v - (3 + -3))/(3/642).
2, 107
What are the prime factors of (3 + -1)*90495/30?
3, 2011
Suppose -3*k + 85188 = 4*h, k - 3*h - 34712 = -6342. What are the prime factors of k?
2, 47, 151
Let f = 3212 - 8675. List the prime factors of f/(-21) + 3/(-21).
2, 5, 13
List the prime factors of (-654)/((2*(-6)/(-15))/((-54)/45)).
3, 109
Let w = 58 + -53. Suppose 4*s - 2*v - 16 = 48, -2*s = -w*v - 40. List the prime factors of s/3*(15 - -2).
5, 17
Let k(s) = 2*s**3 - 11*s + 6. Let f be k(-3). What are the prime factors of ((-70)/f - 5)/((-3)/5364)?
2, 149
What are the prime factors of (-17)/(357/(-18)) - ((-23143)/7 + 3)?
2, 7, 59
Suppose -f + 5*d + 3 = 4*d, -4*f - d + 7 = 0. Let t be f/4*36/9. Suppose 0 = t*j + i - 76, i = 2*j - 0*j - 68. What are the prime factors of j?
2, 3
Suppose 68729 = 8*w + 13993. List the prime factors of w.
2, 11, 311
Suppose -4*a = -30 - 14. Let l = -187 + 185. List the prime factors of (44/a)/(l/(-25)).
2, 5
Suppose 3526 = 5*x + d, 0 = 3*x + 5*d - 4*d - 2116. Let i = x - 300. List the prime factors of i.
3, 5
Let m(a) = 6471*a**3 - a**2 + 630*a - 1263. What are the prime factors of m(2)?
191, 271
Suppose 7*b = 9237 + 70255. What are the prime factors of b?
2, 17, 167
Suppose -l + 4*f - 7 = -0*l, -5*f - 35 = 5*l. Let u(q) = -q**3 - 9*q**2 - 2*q - 2. Let o be u(l). Let i = 189 + o. What are the prime factors of i?
103
Let x = 600 - 470. Suppose -a - r = -18, 2*r - 2 = a - r. List the prime factors of 2/10 - a/(x/(-588)).
59
Suppose 4*d + 2*x + 908 = 0, -d = -2*x - 4 + 226. Let m = 423 + d. Let s = m - 136. List the prime factors of s.
61
Suppose -4*t + 27 = -5*z, -t + 21 = 2*t - 4*z. Let p be 150/(9/t) + -1. Suppose -457 + p = -4*i. List the prime factors of i.
2, 3, 17
Suppose -5*c - 2*x = -762, 3*c = -x + 266 + 192. List the prime factors of c.
2, 7, 11
Let l(v) be the second derivative of 0 - 7/6*v**3 + 9*v + 1/2*v**2 + 9/4*v**4. What are the prime factors of l(2)?
5, 19
Let o(w) = -5*w - 16. Let t(q) = -11*q**3 + 2*q**2 - 1. Let c be t(-1). Let b be o(c)